2 - 390*c**2 - 3*c - 1. Give k(-9).
-19
Let g(s) = -s. Let c(q) = 5*q**2 + 4*q + 1. Suppose 3*h + 17 = 5. Let i(y) = h*g(y) - c(y). Let m be -2*(6/3)/(-4). Give i(m).
-6
Let b = -220 + 213. Let f(c) = c + 3. What is f(b)?
-4
Let p(r) = r**3 + 3*r**2 + 2*r + 3. Let m be p(-2). Let g(q) = -7*q**2 - 5*q + 6. Let j(x) = 4*x**2 + 4*x - 3. Let f(s) = -3*g(s) - 5*j(s). Calculate f(m).
-9
Let s(y) = 2*y**2 - 3. Let z(b) = 8*b**2 - 3*b - 6. Let o(f) = 17*f**2 - 8*f - 12. Let q(d) = 4*o(d) - 9*z(d). Let p be q(1). Calculate s(p).
15
Let q(z) = -z**2 - 374*z**3 + 189*z**3 + 191*z**3 + z + 1. Give q(-1).
-7
Let y(a) = -4*a + 28. Let d be y(5). Let o(g) = g**2 - 8*g - 9. Calculate o(d).
-9
Let f be ((-1)/(4/62))/(2/(-4)). Let o(n) = n + 0*n + 18 + f - 39. Calculate o(-5).
5
Let h = -30 - -33. Suppose n = h - 1. Let k(a) = -a**3 + 3*a**2 - 4*a + 2. Determine k(n).
-2
Let u(c) = 11*c + 2 - 27*c + 1 + 0 + 13*c. Calculate u(4).
-9
Let q(v) = 2*v - 2. Let s(d) = d + 17. Let p be s(-13). Suppose 19 = 2*l + 3*t, 0*l + 3*t + 11 = p*l. Determine q(l).
8
Let j(p) be the first derivative of 0*p - 1/12*p**4 + 2*p**2 - 7 - 1/20*p**5 + 0*p**3 - 1/120*p**6. Let x(g) be the second derivative of j(g). Determine x(-2).
0
Suppose 2*w = 10 + 18. Let b = 15 - w. Let h = b + -8. Let p(n) = -n**3 - 6*n**2 + 7*n - 2. Calculate p(h).
-2
Let r(q) be the first derivative of -q**4/4 - 4*q**3/3 + q**2 - 4*q - 1. Let w be 24 + 7*(78/(-21) - -4). Suppose -23*h = -w*h - 12. Calculate r(h).
-12
Let m(c) = -13*c - 13*c**2 + 13*c**2 + 7*c**2 - 20 - 8*c**2. Determine m(-10).
10
Suppose 0 = 6*c + 8*c - 14. Let p(d) be the third derivative of -7*d**5/30 + d**4/12 - d**3/6 + 6*d**2. What is p(c)?
-13
Let o(l) = l**2 - l. Let m(t) = -t**2 - 16*t + 3. Let c be m(0). Determine o(c).
6
Let c(m) = -2*m - 1. Suppose 7*t - 2*t = 405. Let u = t - 40. Suppose 42*q = u*q - 3. What is c(q)?
5
Let d(u) = 1. Let t(r) = r - 1. Let x(a) = -3*d(a) - t(a). Let b = -3967 + 3974. Give x(b).
-9
Suppose 4*q + 36 = 3*m, 0 = 52*m - 53*m + 3*q + 12. Let w(y) = 2*y - 21. What is w(m)?
3
Let n(q) = -q - 4. Let p(i) = -i**2 + 6*i + 27. Let c be p(9). Suppose c = -3*b + s - 27, -3*b - 5*s - 13 = -4. Calculate n(b).
4
Let t(o) = -o + 7. Let h be -6 - 9/(-3) - (20 - 2). Let a be 14/h + 60/9. Give t(a).
1
Let c = 153 + -146. Suppose c*i - 25 = 5*t + 12*i, 2*i + 4 = t. Let r(u) = u**3 + 4*u**2 + u - 2. Calculate r(t).
4
Suppose 4*v + 0 = 4. Let t(s) = -s + 0 - v - 2 + s**2 + 3*s. Let g be (-3)/(-12) - (-26)/(-8). Determine t(g).
0
Let f(p) = p - 47. Let x(n) = -58. Let s(q) = -5*f(q) + 4*x(q). Calculate s(4).
-17
Let q(v) be the second derivative of v**4/12 - 2*v**3 + 7*v**2/2 - 9*v + 1. Calculate q(11).
-4
Let c(m) be the second derivative of m**3/6 + 3*m**2/2 + 1592*m + 2. Let v(i) = 5*i - 1. Let x be v(1). What is c(x)?
7
Let q be (-1 - 0)*1*-16. Suppose 2*p - q = -2*p. Let a(o) = -o - 3*o + 3*o + p. Give a(-4).
8
Let k(c) = c**2 - 4*c + 10. Let s(o) = o**2 - 4*o + 9. Let z(v) = 4*k(v) - 5*s(v). Let p be -1 + 9 + (0 - 1). Give z(p).
-26
Let b(c) be the second derivative of -c**2 + 0 - 1/3*c**3 - 6*c - 1/12*c**4. Let h(k) = -k**2 + 8*k + 17. Let x be h(10). Calculate b(x).
-5
Let h = 1568 + -1568. Let k(s) = -s**2 - 2*s - 25. Give k(h).
-25
Let r(o) = -20*o**2 - 18*o - 25. Let j(b) = -13*b**2 - 19*b - 24. Let q(s) = 3*j(s) - 2*r(s). Calculate q(22).
0
Let p(a) = a**3 - 5*a**2 + a + 5. Let y(l) = l**3 + 25*l**2 - 2*l - 45. Let g be y(-25). Calculate p(g).
10
Let w = 7 + -5. Suppose 4*y + w = -2*k, -k = -5*y - 16 - 11. Let v(r) = 3*r + 1 + 3 - k. Calculate v(-4).
-15
Let d be 5/(-5) - (-1 - 32). Let r = d - 38. Let j(n) = 3*n**2 - 5*n + 10. Let h(y) = 4*y**2 - 8*y + 15. Let k(q) = -5*h(q) + 7*j(q). Determine k(r).
1
Suppose 6 = 3*l - 9. Let k(g) be the first derivative of 3*g**2/2 - 2*g + 5. What is k(l)?
13
Let s(k) be the second derivative of -k**3/3 + 3*k**2 - 3*k - 4. Suppose 9 = 5*b - 11. What is s(b)?
-2
Suppose 5 - 45 = 5*l. Let z(y) = y**2 + 7*y - 2. Let g be z(l). Let r(s) = -4 + g + s**2 + 4 - 8*s. Determine r(7).
-1
Let w(m) = -11*m + 1. Suppose 0 = -y + 5*y + 4. Give w(y).
12
Let a(f) = -f**3 + 5*f**2 - 3*f. Suppose 3*l - l - 33 = -5*x, -5*x - 3*l + 37 = 0. Give a(x).
-15
Let q(a) = a**2 - 4*a + 1. Let v be (-1)/(-4) - (-70)/40. Suppose -h + 5*f = 16 + 1, 0 = -h + v*f - 5. Let c be (h/3)/(3/9). Calculate q(c).
-2
Let d(j) = -j - 2. Let m = 18 + -38. Let i = -15 - m. Suppose -i*g = 2*g. Give d(g).
-2
Let q(r) = 703 + r + 7*r + r**2 - 720 - 7*r. What is q(5)?
13
Let v(y) = -3*y**3 + y**2 - 1. Suppose -2*g - 5*a = -26, -2*a = g - 4 - 8. Suppose p - 4 = 3*p. Let s be (2 - 20/g)*p. Give v(s).
-3
Let o(t) = t**3 + 3*t**2 - 3*t - 2. Let d = -126 - -122. Calculate o(d).
-6
Suppose -42 = -5*n - 17. Let y(j) = j - 11. Determine y(n).
-6
Let i = 349 + -343. Let p(d) be the second derivative of 1/6*d**3 + 1/2*d**2 + 0 - i*d - 1/2*d**4. Determine p(-1).
-6
Let m(s) = 4*s - 49. Let r(y) = y - 6. Let a(f) = -m(f) + 5*r(f). What is a(-9)?
10
Let n = 25 + -25. Let y(x) be the first derivative of -x**3/3 - x**2/2 + 17*x - 230. Give y(n).
17
Let r(b) be the second derivative of b**5/2 - b**4/6 + b**2/2 - 25*b - 2. Determine r(-1).
-11
Let p(b) = -5*b**3 - 13*b**2 + 6*b + 11. Let c(r) = -14*r**3 - 38*r**2 + 18*r + 32. Let o(v) = 6*c(v) - 17*p(v). Let x be o(6). Let a(g) = g - 7. What is a(x)?
-2
Let o(t) = t**3 + 22*t**2 - 46*t + 54. Let f be o(-24). Let p(i) be the first derivative of f*i + 1/2*i**2 + 3. Give p(-5).
1
Let a be -1*(-2)/(8/(-68)). Let p = 20 + a. Let c(r) = -10*r + 4*r + p + r. Determine c(3).
-12
Let k(x) = 16*x**2 - 5*x - 28. Let y(t) = 3*t**2 - t - 5. Let u(b) = -2*k(b) + 11*y(b). Calculate u(1).
1
Suppose 10*f = -9*f + 209. Let x(r) = 3 - 2 - r + f*r + 0. Determine x(-1).
-9
Let w(k) = 2*k**3 - 4*k**2 + 5*k - 4. Let x be w(3). Let g = -38 + x. Let r(v) = v + 15. Calculate r(g).
6
Let b(l) = -l**2 + 20*l - 23. Suppose 7*v = 24*v - 323. Determine b(v).
-4
Let r be (2 + 1)*(-4)/6. Let q(b) = b + 7. Let o be q(-1). Let h(s) = 9. Let i(z) = -z - 26. Let d(n) = o*i(n) + 17*h(n). Give d(r).
9
Let n = 359 - 364. Let f(j) = -j**2 - 3*j + 2. What is f(n)?
-8
Let w(k) = -k**2 + 3*k + 3. Let y be ((-1)/(-1) - 8) + 1. Suppose 4*n = -23 + 35. Let q be 0 - n - 42/y. Determine w(q).
-1
Let h(u) = -u**2 + 7*u - 8. Let l(j) = j**2 - 7*j + 7. Let w be l(7). Let q be 0 - w/(14/(-18)). Let k = -3 + q. Give h(k).
-2
Let u be (2 - (-10)/(-4))*(17 - 11). Let n(t) = 2*t**2 + 4*t + 4. Give n(u).
10
Let b(p) = -p - 6. Let n(y) = -5 + 20*y - 21*y + 16. Let h be n(17). What is b(h)?
0
Let q(k) = 21*k + 3. Let x(p) be the third derivative of -85*p**4/24 - 13*p**3/6 + 24*p**2. Let j(v) = -9*q(v) - 2*x(v). Determine j(1).
-20
Suppose 0 = 27*j - 24*j. Let k(s) = j + 0 + s - 1 - 2*s. Give k(6).
-7
Let m(s) = 17 + 1 + 2*s - 9 - 10. Suppose -4 = 5*l + 11. Determine m(l).
-7
Let m(f) = 5*f**2 + 10*f**2 - 5 - 14*f**2. Determine m(-3).
4
Suppose -22 = -2*u - 5*c + c, 2*u - 4 = 2*c. Let t(s) = -u + 5*s**2 - 7 + 3 + s**3 - 8*s. What is t(-6)?
3
Let v be -11 - -8 - 9/6*(-10)/15. Let g(b) = b**2. Let m(l) = 9*l**2 + 3*l + 1. Let h(i) = -3*g(i) + m(i). Give h(v).
19
Let p be ((-21)/(-4))/(-3) - 1/4. Let d(o) = 3*o**3 - o**2 + 2*o - 9. Let j(n) = -4*n**3 + n**2 - 3*n + 8. Let w(b) = p*j(b) - 3*d(b). Determine w(0).
11
Let a(h) = 5*h - 1. Let t(w) = 24*w - 11. Let d(k) = 5*a(k) - t(k). Determine d(3).
9
Let s(y) = -9*y - 1. Let i(d) = d - 9. Let f = -14 - -17. Suppose 35 - f = 4*t. Let n be i(t). What is s(n)?
8
Let j(v) = 6*v - 3. Suppose 4*l = 5*m - 29, 0 = 4*m + 4*l - 26 - 26. Suppose -5*s = -2*s - m. Calculate j(s).
15
Let q(a) = 4*a - 2. Suppose -u - 42 = -32*g + 27*g, -5*u = -3*g + 12. Determine q(g).
34
Let f = -94 + 97. Let o(y) be the second derivative of 1/2*y**2 + 1/12*y**4 + 0 - 7/6*y**f + y. Determine o(6).
-5
Let t(p) be the first derivative of p**6/360 - 7*p**5/120 + p**4/12 + 2*p**3/3 - 11. Let i(m) be the third derivative of t(m). Calculate i(6).
-4
Let j = 187 - 182. Let o(z) = 5*z**3 - 6*z**2 + 2*z - 1. Let g(n) = 6*n**3 - 6*n**2 + n - 2. Let b(d) = 4*g(d) - 5*o(d). Give b(j).
-8
Let r = 121 - 126. Let y(q) = 3*q**3 - 12*q**2 - 7*q + 1. Let w(v) = -v**3 + 6*v**2 + 4*v - 1. Let x(t) = 5*w(t) + 2*y(t). What is x(r)?
-8
Suppose -4*w + 5*i